{"id":55,"date":"2021-09-13T10:28:32","date_gmt":"2021-09-13T10:28:32","guid":{"rendered":"https:\/\/wordpress.synoo.fr\/?page_id=55"},"modified":"2021-10-12T14:27:51","modified_gmt":"2021-10-12T12:27:51","slug":"mon-parcours","status":"publish","type":"page","link":"https:\/\/helene-dindeleux-sage-femme.fr\/?page_id=55","title":{"rendered":"Mon parcours"},"content":{"rendered":"\n<div class=\"wp-block-columns are-vertically-aligned-top\">\n<div class=\"wp-block-column is-vertically-aligned-top\" style=\"flex-basis:100%\">\n<div class=\"wp-block-columns\">\n<div class=\"wp-block-column\" style=\"flex-basis:100%\">\n<div class=\"wp-block-group alignwide\"><div class=\"wp-block-group__inner-container\">\n<div class=\"wp-block-columns\">\n<div class=\"wp-block-column\" style=\"flex-basis:100%\">\n<div class=\"wp-block-columns alignwide are-vertically-aligned-top\">\n<div class=\"wp-block-column\" style=\"flex-basis:50%\">\n<p class=\"has-text-color\" style=\"color:#008b05;font-size:18px\"><font face=\"calibri light\">J\u2019ai d\u2019abord exerc\u00e9 mon m\u00e9tier de sage-femme \u00e0 l\u2019h\u00f4pital durant quelques ann\u00e9es.<\/font><\/p>\n\n\n\n<p class=\"has-text-color\" style=\"color:#008b05;font-size:18px\"><font face=\"calibri light\">Je n\u2019ai pas encore compl\u00e8tement laiss\u00e9 la maternit\u00e9 derri\u00e8re moi\u2026 Mais c\u2019est un univers qui ne me convient pas assez pour que je puisse m\u2019y \u00e9panouir \u00e0 plein temps.<\/font><\/p>\n\n\n\n<p class=\"has-text-align-justify has-text-color\" style=\"color:#008b05;font-size:18px\"><font face=\"calibri light\">J\u2019ai donc d\u00e9cid\u00e9 de tenter l\u2019aventure du lib\u00e9ral, d\u2019abord comme rempla\u00e7ante puis rapidement comme collaboratrice dans un cabinet pluridisciplinaire o\u00f9 nous \u00e9tions trois sages-femmes. Je suis rest\u00e9e presque quatre ans dans ce cabinet et j\u2019y ai \u00e9norm\u00e9ment appris.<\/font><\/p>\n\n\n\n<p class=\"has-text-color\" style=\"color:#008b05;font-size:18px\"><font face=\"calibri light\">Et en 2022, le temps est venu pour moi de cr\u00e9er mon propre cabinet&#8230;<\/font><\/p>\n\n\n\n<p class=\"has-text-color\" style=\"color:#008b05;font-size:18px\"><font face=\"calibri light\">J\u2019ai particuli\u00e8rement \u00e0 c\u0153ur les notions de partage et de bienveillance. Je souhaite suivre mes patientes dans toutes les \u00e9tapes de leur vie de femme, dans la douceur et avec le sourire.<\/font><\/p>\n\n\n\n<p class=\"has-text-color\" style=\"color:#008b05;font-size:18px\"><font face=\"calibri light\">Mon leitmotiv est d\u2019utiliser au mieux les cartes que nous donnent notre corps et notre esprit pour rester dans une d\u00e9marche la plus physiologique et naturelle possible, tout en respectant votre projet et vos envies, que ce soit pour un suivi gyn\u00e9cologique, une s\u00e9ance d\u2019acupuncture ou une pr\u00e9paration \u00e0 la naissance.<\/font><\/p>\n<\/div>\n\n\n\n<div class=\"wp-block-column\" style=\"flex-basis:50%\">\n<div class=\"wp-block-image is-style-rounded\"><figure class=\"aligncenter size-full is-resized\"><img loading=\"lazy\" src=\"https:\/\/helene-dindeleux-sage-femme.fr\/wp-content\/uploads\/2021\/10\/mapim4zeq6sl2qbllzmq.jpg\" alt=\"\" class=\"wp-image-337\" width=\"385\" height=\"513\" srcset=\"https:\/\/helene-dindeleux-sage-femme.fr\/wp-content\/uploads\/2021\/10\/mapim4zeq6sl2qbllzmq.jpg 525w, https:\/\/helene-dindeleux-sage-femme.fr\/wp-content\/uploads\/2021\/10\/mapim4zeq6sl2qbllzmq-225x300.jpg 225w\" sizes=\"(max-width: 385px) 100vw, 385px\" \/><\/figure><\/div>\n<\/div>\n<\/div>\n<\/div>\n<\/div>\n<\/div><\/div>\n<\/div>\n<\/div>\n<\/div>\n<\/div>\n","protected":false},"excerpt":{"rendered":"<p>J\u2019ai d\u2019abord exerc\u00e9 mon m\u00e9tier de sage-femme \u00e0 l\u2019h\u00f4pital durant quelques ann\u00e9es. Je n\u2019ai pas encore compl\u00e8tement laiss\u00e9 la maternit\u00e9 derri\u00e8re moi\u2026 Mais c\u2019est un univers qui ne me convient pas assez pour que je puisse m\u2019y \u00e9panouir \u00e0 plein temps. J\u2019ai donc d\u00e9cid\u00e9 de tenter l\u2019aventure du lib\u00e9ral, d\u2019abord comme rempla\u00e7ante puis rapidement comme &hellip; <\/p>\n<p class=\"link-more\"><a href=\"https:\/\/helene-dindeleux-sage-femme.fr\/?page_id=55\" class=\"more-link\">Continuer la lecture<span class=\"screen-reader-text\"> de &laquo;&nbsp;Mon parcours&nbsp;&raquo;<\/span><\/a><\/p>\n","protected":false},"author":1,"featured_media":0,"parent":0,"menu_order":0,"comment_status":"closed","ping_status":"closed","template":"","meta":{"spay_email":""},"_links":{"self":[{"href":"https:\/\/helene-dindeleux-sage-femme.fr\/index.php?rest_route=\/wp\/v2\/pages\/55"}],"collection":[{"href":"https:\/\/helene-dindeleux-sage-femme.fr\/index.php?rest_route=\/wp\/v2\/pages"}],"about":[{"href":"https:\/\/helene-dindeleux-sage-femme.fr\/index.php?rest_route=\/wp\/v2\/types\/page"}],"author":[{"embeddable":true,"href":"https:\/\/helene-dindeleux-sage-femme.fr\/index.php?rest_route=\/wp\/v2\/users\/1"}],"replies":[{"embeddable":true,"href":"https:\/\/helene-dindeleux-sage-femme.fr\/index.php?rest_route=%2Fwp%2Fv2%2Fcomments&post=55"}],"version-history":[{"count":5,"href":"https:\/\/helene-dindeleux-sage-femme.fr\/index.php?rest_route=\/wp\/v2\/pages\/55\/revisions"}],"predecessor-version":[{"id":363,"href":"https:\/\/helene-dindeleux-sage-femme.fr\/index.php?rest_route=\/wp\/v2\/pages\/55\/revisions\/363"}],"wp:attachment":[{"href":"https:\/\/helene-dindeleux-sage-femme.fr\/index.php?rest_route=%2Fwp%2Fv2%2Fmedia&parent=55"}],"curies":[{"name":"wp","href":"https:\/\/api.w.org\/{rel}","templated":true}]}}

<div class="wp-block-columns are-vertically-aligned-top">
<div class="wp-block-column is-vertically-aligned-top" style="flex-basis:100%">
<div class="wp-block-columns">
<div class="wp-block-column" style="flex-basis:100%">
<div class="wp-block-group alignwide"><div class="wp-block-group__inner-container">
<div class="wp-block-columns">
<div class="wp-block-column" style="flex-basis:100%">
<div class="wp-block-columns alignwide are-vertically-aligned-top">
<div class="wp-block-column" style="flex-basis:50%">
<p class="has-text-color" style="color:#008b05;font-size:18px"><font face="calibri light">J’ai d’abord exercé mon métier de sage-femme à l’hôpital durant quelques années.</font></p>



<p class="has-text-color" style="color:#008b05;font-size:18px"><font face="calibri light">Je n’ai pas encore complètement laissé la maternité derrière moi… Mais c’est un univers qui ne me convient pas assez pour que je puisse m’y épanouir à plein temps.</font></p>



<p class="has-text-align-justify has-text-color" style="color:#008b05;font-size:18px"><font face="calibri light">J’ai donc décidé de tenter l’aventure du libéral, d’abord comme remplaçante puis rapidement comme collaboratrice dans un cabinet pluridisciplinaire où nous étions trois sages-femmes. Je suis restée presque quatre ans dans ce cabinet et j’y ai énormément appris.</font></p>



<p class="has-text-color" style="color:#008b05;font-size:18px"><font face="calibri light">Et en 2022, le temps est venu pour moi de créer mon propre cabinet&#8230;</font></p>



<p class="has-text-color" style="color:#008b05;font-size:18px"><font face="calibri light">J’ai particulièrement à cœur les notions de partage et de bienveillance. Je souhaite suivre mes patientes dans toutes les étapes de leur vie de femme, dans la douceur et avec le sourire.</font></p>



<p class="has-text-color" style="color:#008b05;font-size:18px"><font face="calibri light">Mon leitmotiv est d’utiliser au mieux les cartes que nous donnent notre corps et notre esprit pour rester dans une démarche la plus physiologique et naturelle possible, tout en respectant votre projet et vos envies, que ce soit pour un suivi gynécologique, une séance d’acupuncture ou une préparation à la naissance.</font></p>
</div>



<div class="wp-block-column" style="flex-basis:50%">
<div class="wp-block-image is-style-rounded"><figure class="aligncenter size-full is-resized"><img loading="lazy" src="https://helene-dindeleux-sage-femme.fr/wp-content/uploads/2021/10/mapim4zeq6sl2qbllzmq.jpg" alt="" class="wp-image-337" width="385" height="513" srcset="https://helene-dindeleux-sage-femme.fr/wp-content/uploads/2021/10/mapim4zeq6sl2qbllzmq.jpg 525w, https://helene-dindeleux-sage-femme.fr/wp-content/uploads/2021/10/mapim4zeq6sl2qbllzmq-225x300.jpg 225w" sizes="(max-width: 385px) 100vw, 385px" /></figure></div>
</div>
</div>
</div>
</div>
</div></div>
</div>
</div>
</div>
</div>

<p>J’ai d’abord exercé mon métier de sage-femme à l’hôpital durant quelques années. Je n’ai pas encore complètement laissé la maternité derrière moi… Mais c’est un univers qui ne me convient pas assez pour que je puisse m’y épanouir à plein temps. J’ai donc décidé de tenter l’aventure du libéral, d’abord comme remplaçante puis rapidement comme &hellip; </p>
<p class="link-more"><a href="https://helene-dindeleux-sage-femme.fr/?page_id=55" class="more-link">Continuer la lecture<span class="screen-reader-text"> de &laquo;&nbsp;Mon parcours&nbsp;&raquo;</span></a></p>
