{"id":167,"date":"2021-09-13T15:42:20","date_gmt":"2021-09-13T15:42:20","guid":{"rendered":"https:\/\/wordpress.synoo.fr\/?page_id=167"},"modified":"2021-10-12T14:04:02","modified_gmt":"2021-10-12T12:04:02","slug":"suivi-de-grossesse-2","status":"publish","type":"page","link":"https:\/\/helene-dindeleux-sage-femme.fr\/?page_id=167","title":{"rendered":"Suivi de grossesse"},"content":{"rendered":"\n<p>Les consultations pr\u00e9natales mensuelles font partie du suivi obligatoire de la grossesse, au m\u00eame titre que les 3 \u00e9chographie de d\u00e9pistage \u00e0 12SA, 22SA et 32SA. Vous devez donc prendre rdv chaque mois avec votre sage-femme, votre gyn\u00e9cologue ou votre m\u00e9decin g\u00e9n\u00e9raliste.<\/p>\n\n\n\n<p>Un dossier de grossesse vous sera remis et devra \u00eatre apport\u00e9 lors de chaque entrevue avec un professionnel de sant\u00e9.<\/p>\n","protected":false},"excerpt":{"rendered":"<p>Les consultations pr\u00e9natales mensuelles font partie du suivi obligatoire de la grossesse, au m\u00eame titre que les 3 \u00e9chographie de d\u00e9pistage \u00e0 12SA, 22SA et 32SA. Vous devez donc prendre rdv chaque mois avec votre sage-femme, votre gyn\u00e9cologue ou votre m\u00e9decin g\u00e9n\u00e9raliste. Un dossier de grossesse vous sera remis et devra \u00eatre apport\u00e9 lors de &hellip; <\/p>\n<p class=\"link-more\"><a href=\"https:\/\/helene-dindeleux-sage-femme.fr\/?page_id=167\" class=\"more-link\">Continuer la lecture<span class=\"screen-reader-text\"> de &laquo;&nbsp;Suivi de grossesse&nbsp;&raquo;<\/span><\/a><\/p>\n","protected":false},"author":1,"featured_media":0,"parent":0,"menu_order":0,"comment_status":"closed","ping_status":"closed","template":"","meta":{"spay_email":""},"_links":{"self":[{"href":"https:\/\/helene-dindeleux-sage-femme.fr\/index.php?rest_route=\/wp\/v2\/pages\/167"}],"collection":[{"href":"https:\/\/helene-dindeleux-sage-femme.fr\/index.php?rest_route=\/wp\/v2\/pages"}],"about":[{"href":"https:\/\/helene-dindeleux-sage-femme.fr\/index.php?rest_route=\/wp\/v2\/types\/page"}],"author":[{"embeddable":true,"href":"https:\/\/helene-dindeleux-sage-femme.fr\/index.php?rest_route=\/wp\/v2\/users\/1"}],"replies":[{"embeddable":true,"href":"https:\/\/helene-dindeleux-sage-femme.fr\/index.php?rest_route=%2Fwp%2Fv2%2Fcomments&post=167"}],"version-history":[{"count":1,"href":"https:\/\/helene-dindeleux-sage-femme.fr\/index.php?rest_route=\/wp\/v2\/pages\/167\/revisions"}],"predecessor-version":[{"id":326,"href":"https:\/\/helene-dindeleux-sage-femme.fr\/index.php?rest_route=\/wp\/v2\/pages\/167\/revisions\/326"}],"wp:attachment":[{"href":"https:\/\/helene-dindeleux-sage-femme.fr\/index.php?rest_route=%2Fwp%2Fv2%2Fmedia&parent=167"}],"curies":[{"name":"wp","href":"https:\/\/api.w.org\/{rel}","templated":true}]}}