{"id":103,"date":"2021-09-13T11:11:34","date_gmt":"2021-09-13T11:11:34","guid":{"rendered":"https:\/\/wordpress.synoo.fr\/?page_id=103"},"modified":"2021-10-12T14:03:24","modified_gmt":"2021-10-12T12:03:24","slug":"la-contraception","status":"publish","type":"page","link":"https:\/\/helene-dindeleux-sage-femme.fr\/?page_id=103","title":{"rendered":"La contraception"},"content":{"rendered":"\n<p>Les sages-femmes peuvent vous proposer diff\u00e9rentes m\u00e9thodes contraceptives et peuvent vous prescrire l\u2019ensemble des moyens contraceptifs :<\/p>\n\n\n\n<div class=\"wp-block-group\"><div class=\"wp-block-group__inner-container\">\n<p class=\"has-text-align-left\">            \u2013 les contraceptifs locaux et hormonaux,<\/p>\n\n\n\n<p class=\"has-text-align-left\">            \u2013 les contraceptifs intra-ut\u00e9rins \u00ab\u00a0st\u00e9rilets\u00a0\u00bb<\/p>\n\n\n\n<p class=\"has-text-align-left\">            \u2013 les implants<\/p>\n\n\n\n<p class=\"has-text-align-left\">            \u2013 les contraceptifs d\u2019urgence<\/p>\n<\/div><\/div>\n\n\n\n<p>A savoir : les sages-femmes peuvent \u00e9galement prescrire, d\u00e9livrer et administrer des contraceptifs aupr\u00e8s de patientes mineures en dehors du recueil du consentement des titulaires de l\u2019autorit\u00e9 parentale.<\/p>\n\n\n\n<p><\/p>\n","protected":false},"excerpt":{"rendered":"<p>Les sages-femmes peuvent vous proposer diff\u00e9rentes m\u00e9thodes contraceptives et peuvent vous prescrire l\u2019ensemble des moyens contraceptifs : \u2013 les contraceptifs locaux et hormonaux, \u2013 les contraceptifs intra-ut\u00e9rins \u00ab\u00a0st\u00e9rilets\u00a0\u00bb \u2013 les implants \u2013 les contraceptifs d\u2019urgence A savoir : les sages-femmes peuvent \u00e9galement prescrire, d\u00e9livrer et administrer des contraceptifs aupr\u00e8s de patientes mineures en dehors du &hellip; <\/p>\n<p class=\"link-more\"><a href=\"https:\/\/helene-dindeleux-sage-femme.fr\/?page_id=103\" class=\"more-link\">Continuer la lecture<span class=\"screen-reader-text\"> de &laquo;&nbsp;La contraception&nbsp;&raquo;<\/span><\/a><\/p>\n","protected":false},"author":1,"featured_media":0,"parent":0,"menu_order":0,"comment_status":"closed","ping_status":"closed","template":"","meta":{"spay_email":""},"_links":{"self":[{"href":"https:\/\/helene-dindeleux-sage-femme.fr\/index.php?rest_route=\/wp\/v2\/pages\/103"}],"collection":[{"href":"https:\/\/helene-dindeleux-sage-femme.fr\/index.php?rest_route=\/wp\/v2\/pages"}],"about":[{"href":"https:\/\/helene-dindeleux-sage-femme.fr\/index.php?rest_route=\/wp\/v2\/types\/page"}],"author":[{"embeddable":true,"href":"https:\/\/helene-dindeleux-sage-femme.fr\/index.php?rest_route=\/wp\/v2\/users\/1"}],"replies":[{"embeddable":true,"href":"https:\/\/helene-dindeleux-sage-femme.fr\/index.php?rest_route=%2Fwp%2Fv2%2Fcomments&post=103"}],"version-history":[{"count":2,"href":"https:\/\/helene-dindeleux-sage-femme.fr\/index.php?rest_route=\/wp\/v2\/pages\/103\/revisions"}],"predecessor-version":[{"id":325,"href":"https:\/\/helene-dindeleux-sage-femme.fr\/index.php?rest_route=\/wp\/v2\/pages\/103\/revisions\/325"}],"wp:attachment":[{"href":"https:\/\/helene-dindeleux-sage-femme.fr\/index.php?rest_route=%2Fwp%2Fv2%2Fmedia&parent=103"}],"curies":[{"name":"wp","href":"https:\/\/api.w.org\/{rel}","templated":true}]}}